 Give x(5).
-11
Let n(g) = 0*g + 0*g - g - 1 + 2*g. Let y(x) = 3*x - 4. Let u(m) = -n(m) + y(m). Suppose 4*d + 12 = -5*v, -4*d + 4*v + 6 = -18. Calculate u(d).
1
Suppose -3*s = 4*m - 2*s - 17, 4*s - 14 = 2*m. Suppose n - m*n + 2 = 0. Let p(r) = -4*r - 6. Let z(t) = 1. Let j(b) = -p(b) - 5*z(b). What is j(n)?
5
Let s(o) = -o**2 + 2*o**2 + 3 - 2. Let w = -143 + 141. What is s(w)?
5
Let h(z) = z + 1. Let k be (-2 - -5) + 0 + -1. Let t(f) = f + 5. Let x(n) = k*h(n) - t(n). Let g be 5*((-4)/(-5))/1. Give x(g).
1
Let v(j) = -j**2 - 4 + 2*j**2 + 0 - j. Let w(a) = -7*a**2 + 2*a - 1. Let m be w(1). Let i = m + 3. Calculate v(i).
8
Let o(y) = -y**2 + 6*y - 2. Let q = 7 - 2. What is o(q)?
3
Let q(n) be the first derivative of 0*n**2 - 1 - 1/3*n**3 + n + 1/4*n**4. Determine q(-1).
-1
Let d(c) = c**3 - 4. Let p(i) = 2*i**3 - 3*i. Let z(n) = -n**3 + n + 1. Let f(j) = -p(j) - 3*z(j). Let l(s) = -3*d(s) + 2*f(s). Give l(0).
6
Let k = 30 - 30. Let c(t) = t**3 + t**2 + t + 8. What is c(k)?
8
Let r(j) = -4*j**3 - 4*j**2 - 5*j + 6. Let a(k) = -7*k**3 - 8*k**2 - 9*k + 11. Let d(n) = 3*a(n) - 5*r(n). What is d(-3)?
0
Let o(h) = -6*h**2 + 5*h - 2 + 6 - 2 - 1 + h**3. Suppose 2*w = 3 + 3. Let p = 8 - w. Determine o(p).
1
Suppose 2*j = 4 - 10. Let p(w) = -w**3 + 4*w - 1 - w - 2*w**2 + 4 + 0*w**2. Determine p(j).
3
Let n(z) = z + 4. Let s = -7 + 6. Let v be (s/(-1) - -1) + -4. Let o(y) = 2*y + 8. Let j(l) = v*o(l) + 5*n(l). Determine j(-5).
-1
Let h(u) = -3*u**3 - 3*u**2 - 10*u + 7. Let b = 1 - 8. Let k(n) = -4*n**3 - 5*n**2 - 15*n + 10. Let d(j) = b*h(j) + 5*k(j). Calculate d(5).
1
Let k(b) = -3*b - 16. Let z(s) = 2*s + 11. Let a(t) = 5*k(t) + 7*z(t). Let r(x) = 4*x - 23. Let o be r(5). Determine a(o).
0
Let x(r) = r**2 - 6*r + 4. Let y be x(6). Let j(k) = -k - 3 - 4 + 5. Calculate j(y).
-6
Let p(g) = -g - 1. Suppose z = 3*z + 6. Let m be p(z). Let j(d) = -4*d + 2. Calculate j(m).
-6
Let q be (-22)/(-4) - (-3)/(-6). Suppose -k + q = -6*k. Let d(b) = -15*b**2 + 1. What is d(k)?
-14
Let z(x) be the third derivative of x**5/60 + x**4/8 - 2*x**3/3 + x**2. Suppose 4*p + 86 = 66. Give z(p).
6
Let c(m) be the third derivative of m**6/120 + m**5/12 + m**4/8 + m**3/6 + m**2. Give c(-3).
10
Let w(k) be the first derivative of -k**6/36 - k**5/120 + 4*k**3/3 - 4. Let u(t) be the third derivative of w(t). Give u(-1).
-9
Let g(s) = -8*s + 3. Let x = 6 - 2. Let b(q) = 7*q + 1 - 6 + 3. Let h(p) = x*b(p) + 3*g(p). Calculate h(1).
5
Let a(w) = -w - 4. Let j(u) = -2*u**2 - u + 2. Let l be j(3). Let y = l + 10. What is a(y)?
5
Let d be 2/(-6) - ((-145)/(-15) + -4). Let q(f) = f**3 + 5*f**2 - 9*f - 7. What is q(d)?
11
Let r(f) = f - 8. Let o be r(7). Let x(n) = -4*n - 2. Let w(g) = g + 1. Let z(q) = o*x(q) - 3*w(q). What is z(5)?
4
Let m(q) = q. Let a(g) = -g + 2. Let x(l) = a(l) + 2*m(l). Suppose 0 = 2*z - 1 + 3. Determine x(z).
1
Let z = -77/3 - -26. Let y(r) be the first derivative of z*r**3 + 5*r + 2 - 5/2*r**2. Determine y(5).
5
Let k(g) = -3*g**3 - 5*g**2 - 3*g + 2. Let q(v) = -v**3 - v**2. Let i(a) = k(a) - 2*q(a). Let r be (-1)/(-4*4/(-48)). What is i(r)?
11
Let c(l) be the third derivative of l**5/60 - l**4/8 - l**3/2 + 6*l**2. Give c(4).
1
Suppose -4*y + 5*q + 8 = -19, -q = y - 9. Suppose -5*p = -y - 7. Let t(f) = f**3 - f**2 - 4*f + 1. Give t(p).
7
Let t(i) = -i**3 + 5*i**2 + 6*i - 7. Let j(o) = 2*o - 1. Let x be j(3). Suppose -5*z = w - 31, z - 5*z - x*w = -8. Suppose -q - 1 = -z. Determine t(q).
-7
Let o be -3 - (-9)/3*2. Let r(g) = 0*g + 1 - 2*g - 2 - 9*g**2 + o*g**2. What is r(-1)?
-5
Let x be (-10)/4*(-12)/15. Let u(w) = -w**3 - 2*w**2 + 2*w + 2. Let z be u(-3). Let c(l) = 1 - l**2 + 3*l**3 + z*l**2 + 2*l - 2*l**3 - 3*l**x. Determine c(-2).
-7
Let s(m) = m + 6. Let k(b) = -1. Let d(p) = 4*k(p) + s(p). Give d(5).
7
Let b(l) = l**3 + 5*l**2 - 4*l + 6. Let a(g) = -12*g. Let q be a(-2). Suppose 3*f - q = 7*f. Determine b(f).
-6
Let q be (58/3)/(10/(-15)). Let k be q/(-2) - (-4)/(-8). Let b(i) = -5*i - i - k + 15. Determine b(-1).
7
Let n = -4 - -6. Let z(k) = 3 - 2*k + 3*k + 1 - n*k. Determine z(-3).
7
Let t(b) = -5*b**3 + b**2 - b - 1. Let m = -17 - -16. Calculate t(m).
6
Let h(y) = -7*y**2 + 9 + y**3 - 111*y + 111*y. Determine h(7).
9
Suppose -12 = 3*i + i. Let r(g) = -g**2 - 2*g - 8. Let z(p) = -2*p**2 - 5*p - 17. Let a(m) = i*z(m) + 7*r(m). Give a(0).
-5
Let z(c) = c**3 + 1. Let t(y) = -2*y**3 + 3*y**2 + 5*y - 7. Let w(g) = -t(g) - z(g). Suppose -2*k + 2 = -6. Give w(k).
2
Let c(n) be the third derivative of n**5/60 - n**4/8 + 2*n**3/3 + 42*n**2. Determine c(4).
8
Let i(s) = s**3 - 2. Suppose -g + 14 = -8*g. Determine i(g).
-10
Let i(u) be the second derivative of u**3/3 - u**2 - u + 6. What is i(-2)?
-6
Let s(q) = 3 - 11*q**2 - 14*q + 15*q - 4. What is s(1)?
-11
Let g(q) = q**2 + 4*q - 7. Let l be (27/15)/(15/50). Let x(f) = 2*f**2 - 2*f. Let p be x(-3). Suppose l*a - 10*a = p. Determine g(a).
5
Let l(b) = -3*b**3 + b + 1. Let j be 3/((-108)/8) - (-20)/9. Give l(j).
-21
Let z(p) = -6*p - 1. Let k(o) = -5*o - 1. Let n(r) = 4*k(r) - 3*z(r). Calculate n(2).
-5
Suppose -c = -5*l - 1, -4*c = -0*l + l + 17. Let r(j) be the first derivative of -7*j**4/4 - j**3/3 + j + 6. Calculate r(l).
7
Suppose -4*r = 6*t - 4*t + 4, 4*t - 3*r - 47 = 0. Let x(l) = -l**2 + 11*l - 12. What is x(t)?
12
Suppose 5*u = 5*y + 17 - 82, 3*y + u = 39. Let h = 16 - y. Let d(b) be the third derivative of -b**4/12 - b**3/6 - b**2. What is d(h)?
-7
Let b(q) = q**2 + 3*q - 3. Let m = -155 - -83. Let h be (-4)/22 + m/(-33). What is b(h)?
7
Let p be 2/((-4)/(-30)) - 2. Let h = p - 9. Let u(m) = m**3 - 3*m**2 - 3*m - 3. Calculate u(h).
1
Let z(t) = 2*t + 17. Let s be z(-7). Let l be 3 + 0/(-1 - s). Let k(v) = -5*v. Calculate k(l).
-15
Let j be (-4)/(4/(-8)*4). Let n(r) = 1 - 6 + j - 3*r**2 + 2. Determine n(1).
-4
Let h(r) = r - 2. Let d be (-1)/(-2)*(-3 - -3). Let b be h(d). Let j(x) = x**3 - x**2 - 2*x + 1. Give j(b).
-7
Let r be (2 - -2) + (-2)/(-2). Suppose 31 = 5*j - 0*z + 4*z, -r*z + 11 = -3*j. Let g(o) = 7 - 4*o + j*o + 0 - 2. Calculate g(0).
5
Let w(z) = -2*z - 3*z**3 - 4 + 4*z**3 + 2 + 3*z**2. Suppose -5*y = 5*r + 2 - 7, 0 = -4*r + 5*y - 41. Determine w(r).
-10
Suppose 0 = -3*v - 3*c - 12, 8 = -3*v - 0*c - c. Let l(y) = y**3 + 4*y**2 + 2*y. Calculate l(v).
4
Suppose 5*c = -4*v + 24, -v + 4 = 2*c - 5. Let x(g) = -c*g - 3*g + 0*g + 3 + g**2 + 6. Calculate x(6).
3
Suppose -3 = 3*a - 9. Let l(y) = -4*y**2 + 3*y**2 - 5*y**2 + 5*y**a. Give l(0).
0
Let y = -11 + 17. Let m be 1 - -5 - y/2. Let w(o) = o - o**2 - 4 + 8 - 3*o**2 - m. What is w(-1)?
-4
Let b be (-1 + -3)*21/14. Let d(q) = -q**3 - 4*q**2 + 4. Let r be d(-3). Let v = b - r. Let c(f) = 7*f**3 - f**2 - 2*f - 1. Calculate c(v).
-7
Let m(t) = t**2 - 1. Let o(k) = -k**2 + k. Let s(r) = -3*m(r) - 2*o(r). Determine s(2).
-5
Let d(a) = -a**3 - a - 10. Let w(m) = -m**3 - 7*m**2. Suppose 5*u + o + 20 = -2*o, 0 = 5*u - 4*o + 55. Let s be w(u). What is d(s)?
-10
Let o(d) = -6*d**3 + d**2. Let b = 6 + -4. Let r be (b - 3)*(-2 - -1). Determine o(r).
-5
Let o be (-3)/(-12) - 21/(-12). Suppose -o*f = -3*f - 3. Let j(n) = -n**3 - 3*n**2 - 2*n - 1. Give j(f).
5
Let m(a) be the first derivative of 5*a**2/2 + a + 1. Let z be m(-1). Let k(t) = -t**3 - 3*t**2 + 5*t + 5. Give k(z).
1
Suppose -10 = 2*j - 0. Let p(i) be the first derivative of -7/2*i**2 + 2 - 2*i**3 - 6*i - 1/4*i**4. Calculate p(j).
4
Suppose 11*p - 8 = 13*p. Let i(h) = -h**3 + 2 + 2*h - 3*h**2 + 2 + 2*h. What is i(p)?
4
Let k(f) = 0 + f - 2 + 2 - 1. Calculate k(-5).
-6
Let o(n) be the second derivative of -n**6/120 - n**5/60 + n**2/2 + n. Let f(g) be the first derivative of o(g). What is f(1)?
-2
Let v(z) = 4*z**2 - z - 1. Let w(c) = -c**3 - 8*c**2 - 8*c - 8. Let y be w(-7). What is v(y)?
4
Let v(t) = 10*t + 6. Let i(h) = -2*h - 1. Let x(o) = 6*i(o) + v(o). Calculate x(-2).
4
Let z(a) = a + 9. Let p = 6 + -12. What is z(p)?
3
Let c = -162 + 167. Let h(s) = 4*s**2 - 3*s - 4*s + 6 + 2*s**2 - s**3. Give h(c).
-4
Suppose 2*a + 2*a = 2*z + 20, -4*z - 4*a - 4 = 0. Let w be (6/12)/((-1)/z). Let b(p) = 2 - 5*p - 2 + 2. Determine b(w).
-8
Let b = -4 - -6. Let c(t) = 7 + 5*t - 4*t - 2 + t**b. Suppose 39 - 39 = -7*w. Determine c(w).
5
Suppose 14*v - 15*v = -1. Let w(y) = 2*y**2 - y. What is w(v)?
1
Let p(k) be the 